the thousands digit of 256710892?
0
What is the millions digit of 51602826?
1
What is the hundred thousands digit of 246322726?
3
What is the millions digit of 4269554657?
9
What is the ten millions digit of 788134000?
8
What is the tens digit of 6317204507?
0
What is the ten thousands digit of 63658828?
5
What is the tens digit of 2925269698?
9
What is the hundreds digit of 821153587?
5
What is the ten thousands digit of 31883732?
8
What is the millions digit of 2286392286?
6
What is the units digit of 540203431?
1
What is the ten millions digit of 119441609?
1
What is the hundred thousands digit of 1094288759?
2
What is the hundred millions digit of 208798158?
2
What is the units digit of 48026799?
9
What is the ten millions digit of 24839785?
2
What is the units digit of 46027838?
8
What is the hundreds digit of 98873721?
7
What is the ten millions digit of 443238744?
4
What is the hundreds digit of 1015144122?
1
What is the hundreds digit of 340839791?
7
What is the hundreds digit of 651837208?
2
What is the ten millions digit of 217593623?
1
What is the hundred millions digit of 3960734777?
9
What is the ten thousands digit of 323605956?
0
What is the hundreds digit of 89246800?
8
What is the ten millions digit of 32531714?
3
What is the units digit of 188508957?
7
What is the tens digit of 249035065?
6
What is the hundred thousands digit of 33436569?
4
What is the millions digit of 87687326?
7
What is the ten millions digit of 40411224?
4
What is the thousands digit of 318823454?
3
What is the units digit of 183085869?
9
What is the tens digit of 2207005061?
6
What is the hundreds digit of 97951232?
2
What is the millions digit of 1094348368?
4
What is the hundreds digit of 13539357?
3
What is the ten millions digit of 89909126?
8
What is the hundreds digit of 18826944?
9
What is the millions digit of 42283122?
2
What is the ten millions digit of 53729224?
5
What is the billions digit of 1213641337?
1
What is the ten millions digit of 852269149?
5
What is the ten thousands digit of 77419312?
1
What is the millions digit of 173137948?
3
What is the ten thousands digit of 1707129557?
2
What is the hundred thousands digit of 60604337?
6
What is the thousands digit of 39064568?
4
What is the hundred thousands digit of 531827206?
8
What is the units digit of 37946275?
5
What is the hundreds digit of 1612743246?
2
What is the ten millions digit of 5542215906?
4
What is the units digit of 152236054?
4
What is the millions digit of 772845388?
2
What is the hundred millions digit of 355982227?
3
What is the billions digit of 5645732565?
5
What is the hundred millions digit of 612251996?
6
What is the ten thousands digit of 5581126625?
2
What is the units digit of 64435042?
2
What is the units digit of 54762699?
9
What is the ten millions digit of 74583668?
7
What is the millions digit of 318099774?
8
What is the ten thousands digit of 59640781?
4
What is the thousands digit of 46319812?
9
What is the tens digit of 45192191?
9
What is the thousands digit of 53406540?
6
What is the ten millions digit of 54649772?
5
What is the hundreds digit of 4779479452?
4
What is the hundreds digit of 59878438?
4
What is the tens digit of 212836011?
1
What is the units digit of 2847614346?
6
What is the units digit of 34969397?
7
What is the hundred thousands digit of 358990512?
9
What is the tens digit of 207801614?
1
What is the hundred thousands digit of 250167297?
1
What is the millions digit of 319935681?
9
What is the ten millions digit of 520251313?
2
What is the thousands digit of 2350679647?
9
What is the millions digit of 1155881259?
5
What is the hundred thousands digit of 92020279?
0
What is the ten millions digit of 258876237?
5
What is the hundred millions digit of 2243378249?
2
What is the ten millions digit of 412012849?
1
What is the ten thousands digit of 155798515?
9
What is the ten thousands digit of 1134359120?
5
What is the thousands digit of 824987320?
7
What is the ten thousands digit of 4142306173?
0
What is the hundred thousands digit of 2510813227?
8
What is the ten thousands digit of 116688207?
8
What is the hundred thousands digit of 1931357996?
3
What is the ten millions digit of 37863634?
3
What is the ten thousands digit of 91348103?
4
What is the hundreds digit of 257146377?
3
What is the hundreds digit of 1130845820?
8
What is the thousands digit of 1029009219?
9
What is the units digit of 107352535?
5
What is the units digit of 175069388?
8
What is the millions digit of 2448620722?
8
What is the millions digit of 1430781586?
0
What is the hundreds digit of 19647235?
2
What is the millions digit of 1516089809?
6
What is the tens digit of 1315968978?
7
What is the units digit of 378465578?
8
What is the hundreds digit of 96904265?
2
What is the millions digit of 406528063?
6
What is the millions digit of 1077488456?
7
What is the hundred thousands digit of 18128007?
1
What is the units digit of 1362981867?
7
What is the hundred millions digit of 808642568?
8
What is the ten millions digit of 90254922?
9
What is the ten millions digit of 16958654?
1
What is the hundreds digit of 8417345601?
6
What is the hundred millions digit of 176616710?
1
What is the ten millions digit of 7212419907?
1
What is the ten thousands digit of 3587049121?
4
What is the millions digit of 51965320?
1
What is the units digit of 4071367?
7
What is the units digit of 207386996?
6
What is the hundreds digit of 628076057?
0
What is the millions digit of 160459873?
0
What is the thousands digit of 40779807?
9
What is the units digit of 6225551?
1
What is the ten thousands digit of 314655?
1
What is the tens digit of 258975393?
9
What is the hundred millions digit of 1593946232?
5
What is the ten millions digit of 2677189200?
7
What is the ten millions digit of 321925065?
2
What is the ten thousands digit of 108314835?
1
What is the ten thousands digit of 26298723?
9
What is the hundred millions digit of 267836718?
2
What is the ten thousands digit of 221072338?
7
What is the millions digit of 279309105?
9
What is the units digit of 99717593?
3
What is the units digit of 95584168?
8
What is the thousands digit of 68313970?
3
What is the millions digit of 315536776?
5
What is the ten thousands digit of 550576529?
7
What is the ten millions digit of 26783728?
2
What is the thousands digit of 520628604?
8
What is the millions digit of 802404140?
2
What is the thousands digit of 492585851?
5
What is the units digit of 2281118212?
2
What is the ten millions digit of 1256803242?
5
What is the billions digit of 1714533405?
1
What is the hundred thousands digit of 129502796?
5
What is the billions digit of 1793060034?
1
What is the millions digit of 1466455868?
6
What is the hundred thousands digit of 449989811?
9
What is the units digit of 101546997?
7
What is the billions digit of 1192509809?
1
What is the ten millions digit of 83522436?
8
What is the units digit of 310195108?
8
What is the tens digit of 1847446948?
4
What is the thousands digit of 72233726?
3
What is the ten millions digit of 63905705?
6
What is the tens digit of 2224848642?
4
What is the thousands digit of 33419687?
9
What is the thousands digit of 3708707?
8
What is the thousands digit of 1034065330?
5
What is the hundred thousands digit of 96095272?
0
What is the ten millions digit of 93640269?
9
What is the thousands digit of 783256105?
6
What is the tens digit of 43731340?
4
What is the units digit of 32700111?
1
What is the thousands digit of 137392216?
2
What is the hundreds digit of 162480821?
8
What is the ten millions digit of 147484111?
4
What is the tens digit of 92073906?
0
What is the thousands digit of 88837036?
7
What is the ten thousands digit of 292295549?
9
What is the ten thousands digit of 23450054?
5
What is the hundreds digit of 148182447?
4
What is the thousands digit of 840118674?
8
What is the millions digit of 4450446418?
0
What is the millions digit of 179982642?
9
What is the hundred millions digit of 2476454519?
4
What is the tens digit of 2000258460?
6
What is the hundred thousands digit of 14339190?
3
What is the thousands digit of 322073034?
3
What is the ten thousands digit of 19169663?
6
What is the ten millions digit of 493911907?
9
What is the hundred mill